ime factors of 49/d*(7 - 3 - 10).
3, 7
Let y(b) = 15*b**3 + 8*b**2 + 51*b - 319. What are the prime factors of y(6)?
5, 19, 37
Let s(i) = 84*i**2 - 45*i - 199. List the prime factors of s(-13).
2, 23, 317
Suppose 30 + 82 = 2*v. Let k = 153 - v. Let d = 15 + k. List the prime factors of d.
2, 7
List the prime factors of (9336/(-7))/(16/(-224)).
2, 3, 389
Suppose 0 = -2*n + 4*n - 10. Suppose 3*r - 2*a = 14 - n, 5*r + 4*a - 37 = 0. Suppose -2*o + 53 + 29 = 2*h, -o = -r. What are the prime factors of h?
2, 3
Let a(g) = 139*g**2 + 2*g. Let q be a(1). Let u = 217 - q. Let r = u - 65. What are the prime factors of r?
11
What are the prime factors of (17 + 12)*((-320)/(-5) - -3)?
29, 67
Let l(g) = 24*g - 10. Let z be l(1). Suppose -z*s + 1952 = 2*s. What are the prime factors of s?
2, 61
What are the prime factors of 42171/5 + (9/(-6) - 910/(-700))?
2, 4217
Let k be (4 - 74)/(-3 - 2/(-2)). List the prime factors of (78*5/k)/(2/14).
2, 3, 13
Let u(c) = -c**3 - 17*c**2 - 8*c - 4. Let i be u(-18). Let r be 2*-2 + (-289 - 2). Let y = i + r. List the prime factors of y.
13
Let p = -21 + 23. Suppose -u + p = 0, -3*u + 9 = k - 2*u. List the prime factors of 1552/k - (-34)/119.
2, 3, 37
Suppose -2*g + j + 411 = -1295, -2*j = -5*g + 4266. Suppose -3*h = -m + g, h - 2*h = -5*m + 280. Let u = -162 - h. List the prime factors of u.
3, 41
Let p(r) = 206*r**2 - r - 5. Let y be p(2). Let o = y + -469. What are the prime factors of o?
2, 3, 29
Let v(l) = 4*l**2 + 33*l + 667. List the prime factors of v(-16).
1163
Suppose -3*h + 84108 = 6*y, 0 = 3*y + 76*h - 78*h - 42033. What are the prime factors of y?
5, 2803
Let u = 67 - 68. Let r be (28/(-12) + 3 + u)*849. Let p = -142 - r. What are the prime factors of p?
3, 47
Let f(z) = 3*z**3 - 4*z + 3. Let w be f(1). Suppose -6*n = y - w*n - 568, 0 = 3*y - n - 1769. What are the prime factors of y?
2, 3, 7
Let q be 270/45 + (1 - 57). Let v = 1 - -6. Let x = v - q. What are the prime factors of x?
3, 19
Suppose -2*x = -4*g - 7874, -3*x + 1602*g = 1600*g - 11803. List the prime factors of x.
3, 19, 23
Let b(t) be the third derivative of -t**5/60 - 43*t**4/24 + t**3/3 - t**2 - 13*t. List the prime factors of b(-12).
2, 11, 17
Suppose 5 = w - 14. Let k = w - 29. What are the prime factors of (158/k)/(4/(-20))?
79
Let b(i) = -2*i - 1. Let q be b(-3). Suppose -270 + 274 = 2*k. Suppose -g = 3*c - 95, -4*g + k*g - 151 = -q*c. List the prime factors of c.
31
What are the prime factors of -1 + (-6)/(-8) - (-9 + (-6664707)/108)?
3, 7, 2939
Suppose 122*r - 127*r = -4*i + 142952, -2*i = -2*r - 71480. List the prime factors of i.
2, 3, 331
Suppose -2*y + 11 = -33. Let z = 104 - y. What are the prime factors of z?
2, 41
Let t(k) = 182*k**3 + 6*k**2 + 30*k - 70. List the prime factors of t(3).
2, 29, 43
Let w be (12/10)/((-2)/((-640)/12)). Suppose 2*f = -5*i + 225, -i + 10 + w = f. What are the prime factors of i?
47
Let o(v) be the third derivative of 0 - 11/3*v**3 - 17*v**2 - 1/12*v**4 + 1/60*v**5 + 0*v. What are the prime factors of o(-10)?
2, 7
Let v be 39/(-91) + 17559/7 + 0. Suppose -v = -4*i + 4*r, -5*i = -0*i + 4*r - 3171. List the prime factors of i.
631
Let j = -6498 + 16638. What are the prime factors of j?
2, 3, 5, 13
Let j = -810 - -2806. List the prime factors of j.
2, 499
Suppose -3*x - 89983 - 136511 = -3*y, 377458 = 5*y - x. List the prime factors of y.
2, 5, 7549
Let l(p) = -p**2 - 6*p + 5. Suppose 0*f + 4*f + 24 = 0. Let j be l(f). Let o(u) = 7*u + 7. What are the prime factors of o(j)?
2, 3, 7
Suppose 4*v - 3*q - 72 = -0*v, 0 = -3*q - 12. Suppose v*x = 17*x + 2. List the prime factors of (1 + -2)*14*x.
2, 7
Let c be -7*7/((-14)/340). Let l = c - 701. What are the prime factors of l?
3, 163
List the prime factors of (-39332 + -1)*(308/66 - 5).
7, 1873
Let p = 44762 - 5265. What are the prime factors of p?
127, 311
Suppose -3*b - 2*c - 3855 = -9636, b = 2*c + 1919. What are the prime factors of 18/(-5)*b/(-35)?
2, 3, 11
Let l = 95231 - 48864. List the prime factors of l.
199, 233
Suppose 107*v + 308 = 100*v. Let y = 17 - v. What are the prime factors of y?
61
Suppose c + c + 5*r = 18, 4*c + 2*r = 4. Let h be -1*3/(-3)*-1 + 2. List the prime factors of (-252)/(-9) - h*c.
29
Let b(v) = 3*v**3 - 2*v**2 - 35*v + 5. Let o(q) = -4*q**3 + 3*q**2 + 53*q - 7. Let c(p) = -7*b(p) - 5*o(p). List the prime factors of c(-5).
2, 5
Let w(r) = 2*r - 21. Let a(j) = -4*j + 41. Let v(g) = 6*a(g) + 13*w(g). Let x be v(15). List the prime factors of ((-8)/x)/(56/(-1932)).
2, 23
Let s(b) = -3*b + 24. Let x be s(6). Suppose -2*i - 980 = -x*i. Suppose 3*h - 214 = i. List the prime factors of h.
3, 17
Suppose 441*r = 361*r + 3681920. List the prime factors of r.
2, 11, 523
Let n = -711 - -498. Suppose -4*u - 3*w = -1700, u + 4*w - 6*w - 425 = 0. Let y = u + n. List the prime factors of y.
2, 53
Let f(g) = 7*g**3 + 4*g**2 + 13*g - 4. What are the prime factors of f(3)?
2, 5, 13
Let i(a) be the third derivative of 19*a**7/5040 + a**6/60 - a**5/5 - 11*a**2. Let v(d) be the third derivative of i(d). List the prime factors of v(4).
2, 11
Let o(a) = 5*a**2 - 7*a + 1. Let g(d) = -6*d**2 + 7*d. Let v(b) = -6*g(b) - 7*o(b). Let j be v(1). Let f(y) = 73*y + 3. List the prime factors of f(j).
2, 19
Suppose 2*u = -u + 3798. Suppose -4*p - 4*h = -2*h - 1026, 0 = 5*p - 3*h - u. What are the prime factors of p?
3, 5, 17
Let w(v) be the second derivative of v**3/6 + 9*v**2/2 + 10*v. Let l be w(4). Suppose -c + 21 = 3*q - l, c + q - 28 = 0. What are the prime factors of c?
5
Let x(u) = 8*u**2 - 6*u + 22. Let q(p) = -7*p**2 + 5*p - 21. Suppose -26 - 30 = 8*o. Let g(m) = o*q(m) - 6*x(m). What are the prime factors of g(-14)?
197
List the prime factors of (-2)/(-3) + (-1720035)/(-243).
7079
Let x be 0 - (-7)/(21/6). Let t(r) = r**3 - r**2 - r + 3. Let j be t(x). Suppose -3*i + l = -208, 6*i = 4*i - j*l + 133. List the prime factors of i.
3, 23
Let r(q) = q**3 - 10*q**2 - 113*q - 298. What are the prime factors of r(23)?
2, 5, 199
Let q = 337 + -494. Let y = 44 - q. List the prime factors of y.
3, 67
Let x(v) = 12*v + 6 + 14 - 10. Let j be (22/(-4) + 3)*-2. What are the prime factors of x(j)?
2, 5, 7
Let d(o) = 4*o**2 + 137*o + 1878. What are the prime factors of d(-76)?
2, 5, 31, 47
Suppose 3*d - 4*d - 2*q = -7, 7 = 4*d + q. Suppose -5*p = -3*o - 1497, 0 = o + 3 + d. What are the prime factors of p?
3, 11
Let y be (2 - (-18)/(-15))/((-20)/(-50)). List the prime factors of (-16767)/27*(y - 3).
3, 23
Let h be ((-6120)/50)/(7/10 - 1). Suppose -101*p - h = -109*p. List the prime factors of p.
3, 17
What are the prime factors of (-220)/1210 + 94428/22?
2, 29, 37
Suppose -34559 = 65*b - 158514. What are the prime factors of b?
1907
Suppose -35 = 3*m - 56. Let t(p) = -p**3 + 13*p**2 - 2*p - 15. List the prime factors of t(m).
5, 53
Let u be (-68)/(-85) - (-556)/(-20). Let w = 8 + -6. What are the prime factors of (0 + -3)/(1/(w + u))?
3, 5
Suppose s + 354 = 3*z, -8*z = -7*z + 2. Let y = -246 - s. List the prime factors of y.
2, 3, 19
Suppose -9411 = -5*u - 2*z + 3596, -z - 2593 = -u. List the prime factors of u.
23, 113
Let m = 51214 - 30341. What are the prime factors of m?
20873
Let u(x) be the second derivative of x**3/6 + 5*x**2/2 - 22*x. Let l be u(-7). What are the prime factors of (2/l)/(((-5)/141)/5)?
3, 47
Suppose -260*q + 178*q + 2080668 = 0. What are the prime factors of q?
2, 3, 4229
Let d(m) = -11*m**3 + 29*m**2 + 4*m - 40. Let s(j) = 9*j**3 - 29*j**2 - 4*j + 39. Let x(y) = 5*d(y) + 6*s(y). List the prime factors of x(-30).
2, 17, 31
List the prime factors of (159/(-8))/((-228)/96672).
3, 53
Let q = 4284 - 1105. Let m = q + -1605. List the prime factors of m.
2, 787
Let v be (-688)/((6/6)/(-2)). Let s = -953 + v. List the prime factors of s.
3, 47
What are the prime factors of (16 + -6)*7787/26?
5, 599
Let f(q) = 448*q**2 + 223*q - 1585. What are the prime factors of f(7)?
2, 2741
List the prime factors of (-10)/8*5657760/(-900).
2, 3929
Let f(k) = -k + 17. Let m be f(8). Suppose 3*n - 2*y - m = 2*n, -3*y = -3*n + 30. Suppose 5*r = n + 824. What are the prime factors of r?
167
Let p = 131 - 135. List the prime factors of (-4 - 30/(-9))/(p/2634).
439
Let h = 89 + -89. Let s(o) = 39*o + 6. Let g be s(4). Suppose h = 31*f - 29*f - g. What are the prime factors